and x.
5
Let c(u) = -u**3 + 11*u**2 - 5*u + 13. Let o(r) = r + 25. Let t be o(-17). Let n be c(t). What is the greatest common divisor of 66 and n?
33
Let l(o) = 25*o + 10. Let n be l(2). Calculate the highest common factor of n and 105.
15
Suppose 0 = 5*q + 4*t - 31, 0 = -4*q - t - 2*t + 24. Suppose 0 = -5*c - 0*s - 5*s + 5, -q*c + 15 = -s. What is the highest common factor of 14 and c?
2
Suppose 4*s - 14*s = -120. What is the greatest common divisor of s and 5?
1
Let g = 865 + -863. Let a = 0 + 4. Suppose -b + 4 + a = 0. What is the highest common divisor of g and b?
2
Suppose -5*y - 47 = -2*m - 13, 5*y + 27 = m. Let h be ((-3)/4)/(m/252). Let u be (-534)/h + (-4)/(-18). Calculate the highest common factor of 180 and u.
20
Let h = 11 - 9. Let o(m) = -h - 20*m + 0 + 25*m + 11*m**2. Let a be o(3). What is the highest common factor of 16 and a?
16
Let b = -217 - -220. Calculate the highest common factor of 3 and b.
3
Suppose 128 = 29*b - 46. Suppose 4*l = 11 + 49. What is the greatest common factor of b and l?
3
Suppose 4*y = n + 12, 2*y + 4*n - 12 = -2*y. Suppose 0*f - y = -f. Suppose 24 = -w + 2*w. Calculate the highest common divisor of f and w.
3
Let z(k) = 2*k**3 - 2*k**2 + 8*k - 57. Let n be z(6). Calculate the highest common factor of n and 54.
27
Let q be (-1449)/(-12) + (-350)/40 + 9. Calculate the greatest common factor of 77 and q.
11
Let l be 250/9 - (-148)/666. Calculate the highest common factor of 154 and l.
14
Suppose 3*n - 9*n = -72. Let p be (-22)/5*(-30)/n. Calculate the highest common factor of p and 11.
11
Suppose 4*l - 2*f = 20, -2*l + 2*f + 14 = -0*l. Let t(u) = 2*u**3 - 5*u**2 - u - 5. Let z be t(4). What is the highest common divisor of l and z?
3
Suppose 5*q = q + 16. Let r be (6 - (-174)/(-30))*20. Calculate the highest common factor of r and q.
4
Suppose 6*j - 26 - 54 = -14*j. Suppose -2*f - 3*q + 17 = 3*f, 0 = -3*f - 3*q + 9. Calculate the greatest common divisor of j and f.
4
Suppose -46 + 802 = -7*q. Let x = -99 - q. What is the highest common factor of 45 and x?
9
Suppose -10 - 370 = -4*r. Let j(p) = 3*p + 33. Let t be j(-10). Suppose -t*o = 4*a - 45, 4*a - 6*a = -3*o + 63. What is the greatest common factor of r and o?
19
Suppose 0 = 5*m - 10, 3*j + 1 = -3*m + 19. What is the greatest common divisor of j and 324?
4
Let p = -8 - -11. Suppose 4*m = -y + 8, 5*m - 2*y - p = -6. Suppose 0 = 9*k - 14 - 49. Calculate the highest common divisor of k and m.
1
Suppose 0 = -88*s + 87*s + 1. Let n be ((-42)/(-18))/(s/27). Calculate the highest common divisor of n and 105.
21
Let p = -60 - -179. Let k = -1 - -18. Calculate the greatest common divisor of p and k.
17
Suppose 5*k = 471 + 379. Suppose -t + 3*y - 67 = -k, -4*t - 4*y = -460. What is the greatest common factor of 16 and t?
16
Let k(p) = 2*p**2 + 14*p + 6. Let w be k(-7). Let u(b) = -2*b + 3 - b + w*b - 1. Let t be u(2). What is the greatest common divisor of 88 and t?
8
Suppose -2*v + 2 = 10, 5*v = -2*d + 100. Suppose 4*u + 3*r = 154, -6*u + 11*u = 5*r + 210. What is the highest common divisor of d and u?
20
Let o(n) = 9*n - 41. Let m be o(5). Let x be (36/(-54))/(m/(-90)). What is the greatest common factor of x and 105?
15
Let h be (-3)/2*(-2)/(-3). Let g be (-20 - h)/(-3 - -2). Calculate the highest common divisor of 57 and g.
19
Suppose 2*u - 4 = 4, 4*u = 3*g + 361. Let r = -27 - g. Let s(v) = -v**3 + 6*v**2 - 5*v - 4. Let o be s(4). Calculate the greatest common factor of o and r.
8
Let l = 506 - 472. What is the greatest common factor of l and 1394?
34
Let i(n) be the second derivative of n**4/12 + 5*n**3/6 - 3*n**2/2 - 7*n. Let f be i(-7). Let t = 65 - 43. Calculate the highest common divisor of t and f.
11
Let h = -625 - -868. What is the greatest common divisor of 1 and h?
1
Let r(u) = u**2 - 29*u + 238. Let d be r(10). Calculate the greatest common divisor of 128 and d.
16
Let a be (0 - (-34)/2) + -3. Let h be 1098/a - (6 + (-234)/42). Calculate the highest common divisor of h and 26.
26
Let o be (-6)/(-3)*5/2. Suppose o*z - z - 72 = 0. Let y = 2945 + -2936. What is the greatest common divisor of z and y?
9
Let s = -1813 + 4035. Calculate the greatest common divisor of s and 22.
22
Let a be (8 - (-160)/(-56))/((-2)/(-14)). What is the highest common divisor of a and 612?
36
Let u = -426 + 825. Calculate the highest common divisor of u and 285.
57
Let o = 39 - 27. Let s(w) = 5*w - 6. Let d be s(o). Let l = -3 + 9. What is the greatest common factor of l and d?
6
Suppose -2*x + 5*k = 2, -5*x + 7 = -4*k - 5. Let l be -4 + x + 0 - -4. Calculate the highest common divisor of l and 2.
2
Let a be (3 - 4)*(-30 + -2). Let d = 55 - 7. Calculate the greatest common divisor of a and d.
16
Let b(f) = 41*f**2 + 16. Let d be b(3). What is the greatest common divisor of d and 35?
35
Suppose 0*i - 5*i + 170 = p, -85 = -3*i - 4*p. Let l(m) = -3*m**2 - 4*m + m**2 - 13*m + m - 7. Let r be l(-7). Calculate the greatest common divisor of r and i.
7
Let i(k) = 54*k + 310. Let n be i(-5). Let x = 32 - 22. What is the greatest common factor of x and n?
10
Let k(u) = u**3 - 8*u**2 - 9*u + 2. Let b be k(8). Let p = b + 79. Calculate the greatest common divisor of p and 36.
9
Let b(p) = 10*p + 157. Let q(t) = -3*t - 52. Let z = 4 - 11. Let g(d) = z*q(d) - 2*b(d). Let k be g(0). Calculate the highest common factor of k and 20.
10
Let f = 2 - -124. Calculate the highest common factor of f and 18.
18
Let i(z) = -40*z + 170. Let a be i(3). Calculate the highest common divisor of 5 and a.
5
Let f be 29 - (5/15 + (-10)/3). Suppose -5*i - 2*t = -24, 0 = 4*i - t + 6*t - 26. Calculate the highest common divisor of i and f.
4
Suppose 3*c = 3*u + 1095, 0 = 2*c - 8*u + 7*u - 728. What is the greatest common divisor of 264 and c?
33
Let z be 5208/(-19) + (-22)/(-209). Let k = z - -409. Suppose 3*c - 93 = -3*r, -r - k = -3*c - 22. What is the greatest common factor of c and 24?
12
Suppose 0 = -12*o + 8*o - 4, 3*g = 4*o + 7. What is the highest common factor of g and 491?
1
Let n = 7 + -5. Suppose 4*l = 3*d + 206, -l = n*l - d - 152. What is the greatest common factor of l and 75?
25
Suppose 2*d - 44 = -4*l, 4*d + 5*l = d + 63. What is the greatest common divisor of d and 432?
16
Let n(a) = -127*a + 12. Let z be n(-6). Calculate the highest common factor of z and 18.
18
Let i = 113 + 832. What is the greatest common factor of i and 15?
15
Suppose -41*x = -235 - 11. Calculate the highest common factor of 237 and x.
3
Suppose 364 + 84 = 4*g. Let q = -20 + 34. What is the greatest common divisor of g and q?
14
Let b be 2/8*-1 + 93/4. What is the greatest common factor of 92 and b?
23
Suppose m + v = 7, 2*m = -m - 5*v + 25. Let p = 92 + -87. Calculate the highest common factor of p and m.
5
Suppose 31 = 4*n - 5*z, -2*n - 18 = -5*n + 2*z. Suppose n*c - 13 = 19. Let o be 15/(-20) + 102/c. Calculate the highest common divisor of o and 4.
4
Suppose 33 = -249*r + 252*r. What is the highest common factor of r and 143?
11
Suppose 0 = 4*d + 9 - 25. Let u(w) = w**2 - 4*w + 3. Let t be u(d). Calculate the greatest common divisor of t and 12.
3
Suppose -230*z = -219*z - 1023. Calculate the greatest common divisor of 155 and z.
31
Let o = 530 - -72. Calculate the greatest common divisor of o and 43.
43
Suppose 4*a = -3*b - 50 + 1, 2*b = -5*a - 35. Let d be 8/20 + (-1044)/b. Let q be (8/6)/((-8)/(-60)). What is the highest common factor of d and q?
10
Let x(i) = i + 30. Let u be x(7). Calculate the greatest common divisor of 37 and u.
37
Let w = -43 - -69. Let f(k) = -k**2 - 4*k + 5. Let z be f(-5). Suppose 6*d + 708 - 1956 = z. What is the greatest common divisor of w and d?
26
Let n(i) = i**2 + i - 6. Let k be n(3). Suppose 4*a = -k*a + 100. What is the highest common factor of a and 90?
10
Suppose 560 = 19*q - 6964. What is the greatest common factor of 12 and q?
12
Let i be (-64)/640 + 821/10. What is the highest common divisor of 451 and i?
41
Suppose -5*d - 3*g = -5, 0 = -d - 8*g + 3*g + 1. Suppose 3*y + 7 - 10 = 0. Let n be 0 - y/(2/(-10)*1). What is the highest common factor of n and d?
1
Suppose c + 0*c - i = 66, 2*c + i = 132. Let k = c + -52. What is the greatest common divisor of k and 154?
14
Let g be (8/6)/((-1)/(-24)). Let x(z) = z**3 - 18*z**2 + 5*z - 42. Let t be x(18). Calculate the highest 